reatest common factor of b and 45.
9
Let a be (-1)/(-4) - (-7)/(-112)*-28. Suppose -4*u + 854 = a*w, 0 = u + 7*w - 3*w - 203. What is the highest common divisor of u and 43?
43
Suppose 2*v - 7 = -y, -6 = -4*v + 4*y - 10. Let p be v/((6/(-9))/(476/(-12))). What is the highest common divisor of p and 14?
7
Let n be 4 + 708/20 - 8/20. Let h(o) = 7*o - 36. Let f be h(20). What is the highest common factor of n and f?
13
Suppose 58*s = 952 + 382. What is the greatest common factor of s and 552?
23
Suppose -41840*b = -41830*b - 80. Suppose -3 = 2*h - 59. Calculate the greatest common divisor of b and h.
4
Suppose 0 = 299*m - 295*m - 68. Let q(y) = -y**3 + 16*y**2 + 16*y + 26. Let f be q(m). Calculate the greatest common divisor of f and 72.
9
Let q(h) = h + 428. Let p be q(12). Calculate the highest common factor of 5500 and p.
220
Let u = 2 + -3. Let f be 26/6*(-9)/u. Let y = 151 + -138. Calculate the highest common divisor of f and y.
13
Let q(g) = 30*g**2 + 9*g - 4. Suppose -8*x - 2*x = -40. Let f be q(x). Calculate the highest common divisor of 64 and f.
64
Let w(v) = -2*v**2 + 90*v + 1656. Let f be w(59). Let u = -23 - -24. Calculate the highest common factor of f and u.
1
Let t(b) = 18 - 21 - 3*b + b**3 - 11 - 19*b**2 - 3*b. Let h be t(20). What is the greatest common factor of h and 38?
38
Let a(h) = 34*h**2 + h - 3. Let y be a(3). Let d = 273 + -143. Suppose 74 = 6*c - d. Calculate the greatest common factor of c and y.
34
Suppose 5056 = -15*u - 479. Let w be 0/(-26) - (u - 0). What is the greatest common factor of 41 and w?
41
Suppose 4*x - 5*v - 735 = -2*v, -5*v = 3*x - 515. Suppose 26*a + 3096 = 105*a + 7*a. What is the highest common divisor of x and a?
36
Suppose 5*l - 4*g - 76 = 0, -2*l = 5*g - 14 - 23. Let y be 5*-16*(-10 + 3003/105 + -19). Calculate the greatest common divisor of l and y.
16
Suppose -3*g - 69 = -102. Let j(s) = s**3 - 8*s**2 - 2*s - 29. Let y be j(g). Calculate the highest common divisor of 39 and y.
39
Suppose -782*s - 1290 = -783*s. What is the highest common divisor of s and 30?
30
Let n = -315 + 577. Suppose 2*m + 2*d - 128 = 0, n = -3*m + 7*m + d. Calculate the greatest common factor of 22 and m.
22
Suppose 0 = -4*u - 2*q - 190, -16*u - 2*q - 237 = -11*u. Let y = u - -143. Calculate the greatest common factor of y and 12.
12
Suppose 0 = 201*t - 151*t - 27650. Calculate the highest common divisor of 28 and t.
7
Let m(j) = 12*j + 330. Let w be m(-17). Let o be (2 - 819/(-12)) + 2/(-8). Calculate the greatest common divisor of w and o.
14
Let p = -708 + 1483. Suppose -28*y + 12*y - 50*y + 2046 = 0. What is the highest common factor of p and y?
31
Suppose 9*b + 25 = 14*b. Suppose -14 = 4*u - 2*a, -a + 3 = 4*u - b*u. Let m = 59 + u. Calculate the greatest common divisor of m and 22.
11
Let h(u) = -u**2 + 17*u - 28. Let q be h(15). Let a be -1 + q/(4 - 3). Let i(f) = -f - 10. Let l be i(-13). Calculate the highest common factor of l and a.
1
Let i(g) = 137*g + 433. Let l be i(-3). Suppose 0 = 4*f + 4 + 8. Let u = f + 5. Calculate the greatest common divisor of l and u.
2
Let l(b) = -4*b**3 - 6*b**2 - 64*b - 20. Let t be l(-17). Calculate the greatest common divisor of 22 and t.
22
Suppose 6*x = 8*x - 6, 5*x - 103 = 4*s. Let k be 2/s - (-199626)/1067. Calculate the highest common divisor of 170 and k.
17
Suppose 276 = 6*k - 5*k + 2*c, 0 = 5*k - c - 1402. Let v(u) = u**3 - u**2 + 6*u + 40. Let g be v(0). Calculate the greatest common divisor of k and g.
40
Suppose 2463 - 6827 = 252*k - 40400. Let s be (27/(-45))/(1/(-25)). Let x = 28 - s. Calculate the greatest common divisor of k and x.
13
Suppose c + 4*c - 210 = 0. Let q = -6579 - -6733. Calculate the highest common factor of c and q.
14
Suppose -2*i - 94 = -o, 11*o - 10*o - 104 = -3*i. Suppose -3*q - 12 = 0, -4*q + 26 = -2*k + 5*k. Calculate the highest common divisor of k and o.
14
Let q(a) = 308*a - 7540. Let p be q(89). What is the greatest common divisor of 96 and p?
96
Let n(q) = 2*q**2 - 113*q - 742. Let j be n(-6). What is the greatest common divisor of 11864 and j?
8
Suppose -14*d - 9074 = -6*v - 12*d, 3013 = 2*v + d. What is the highest common factor of 10 and v?
10
Let b be (-1)/4 + (-5016)/(-96). Calculate the highest common divisor of 1963 and b.
13
Let k = -9523 + 11274. What is the greatest common divisor of k and 68?
17
Let z be 2*(-361)/(-5 - -4). Let w = -717 + 755. Calculate the highest common factor of z and w.
38
Let z be ((6/16 + 0)*-6)/(3/(-96)). What is the highest common divisor of 1368 and z?
72
Suppose -15 - 5 = 4*w, 2*i = -5*w - 5. Suppose 1800 = -i*p + 25*p. Calculate the greatest common factor of p and 300.
60
Let x(q) be the third derivative of q**4/8 + 19*q**3/3 - 3*q**2 - 6. Let s be x(-8). Calculate the greatest common factor of 154 and s.
14
Let g = 69 + -37. Suppose -192*z + 151 = 1687. Let q = g - z. Calculate the greatest common divisor of q and 20.
20
Let y = -18939 - -22967. Calculate the highest common factor of 152 and y.
76
Let v be -1 + 34 - (0 - 0). Let j(b) = -2*b**2 + 251*b - 2991. Let o be j(112). What is the highest common divisor of o and v?
33
Let t(y) = -29*y - 205. Let w(x) = 7*x - 1. Let m(s) = -t(s) - 6*w(s). Let o be m(-21). What is the highest common factor of 44 and o?
44
Let p be (2 - 1)/(5/465). Let b = 42 + p. Let o = -36 + 51. What is the highest common divisor of o and b?
15
Suppose 5*j - 2*d - 2*d - 144 = 0, 0 = -2*d - 2. Let o be (3 - 5)*(-1)/2. Let u be (-30 + (-2)/o)*-7. Calculate the highest common divisor of u and j.
28
Let g = -72 + 8. Let b = g - -68. Suppose -432 = -5*v + 3*u - 145, 112 = 2*v - b*u. What is the highest common factor of 29 and v?
29
Let c(x) = -3*x**2 + 42*x - 30. Let r be c(13). Let o(u) = 7*u - 52. Let j be o(10). Calculate the highest common divisor of j and r.
9
Suppose -3*y = 18, 0 = -81*u + 82*u + y - 3639. Calculate the highest common divisor of 225 and u.
45
Let c = 801 - -317. What is the greatest common divisor of 26 and c?
26
Let m(k) = 6*k**2 - 7*k + 27. Let y be m(6). Let w = y - 117. Calculate the greatest common divisor of w and 42.
42
Let g(w) = 379*w + 7205. Let a be g(-19). Calculate the greatest common divisor of 13036 and a.
4
Let u be (-114 + 3)*1*8/(-12). Suppose -37*l + 36*l + 37 = 0. Calculate the highest common divisor of u and l.
37
Let s be (2/4)/(9/(-216)*-6)*208. What is the highest common divisor of s and 80?
16
Let i = -3 - -1. Let j be 61 + i + (2 - -3). Let g = -1358 - -1374. Calculate the greatest common factor of j and g.
16
Let k(j) = 1129*j**2 - 3*j + 3. Let i be k(1). Suppose -2*p + 2989 = i. Suppose -p = -11*s + 456. Calculate the greatest common divisor of 18 and s.
18
Let i(f) = f**3 - 6*f**2 - 5*f - 13. Let b be i(7). Suppose 31 = 4*o + 2*v - v, 2*v = -o - b. Calculate the highest common divisor of o and 576.
9
Let f(j) be the first derivative of 2*j**3 + j**2 + 24*j - 19. Let t be f(0). Calculate the highest common factor of 15 and t.
3
Suppose -4*x - 5*j = 0, 0*x + 4*x - 3*j = 0. Suppose x*q - 11*q + 2915 = 0. Let o be q/(-25)*-1 + (-6)/10. Calculate the highest common factor of o and 4.
2
Let p be -3 + -2 + 7 + 2 + 0. Let q be (-308)/(-70) - 4/10. What is the greatest common factor of q and p?
4
Let v = -131 + 173. Suppose -10*k - v = -12*k. What is the highest common factor of k and 105?
21
Let w(q) = 3*q**2 - 6*q + 382 - 370 + 27*q. Let d be w(-11). What is the greatest common factor of d and 8?
8
Let d = 11 - -9. Let q = 1352 + -1332. Calculate the greatest common factor of d and q.
20
Let o(z) = 3*z**2 + 4*z - 34. Let k be o(-8). Calculate the greatest common factor of k and 1330.
14
Suppose -2320*x + 2328*x = 2312. Calculate the greatest common divisor of x and 51.
17
Let y be 19 + -17 - 14/(-2). Let h = y - -63. Calculate the greatest common factor of 96 and h.
24
Let i be (4/(-8))/(2/(-76)). Let u be (-9)/((-27)/444) + (-19 - -23). Calculate the highest common factor of i and u.
19
Let m = -9051 - -10052. What is the highest common divisor of 819 and m?
91
Let x(p) = -3*p + 26. Let g be x(-13). Let u = g - -64. Suppose -2*q = q - u. What is the greatest common factor of 344 and q?
43
Suppose -4 = -j - 0*j, 0 = -3*z - j + 157. Let c = 63 - z. Let t = 632 + -624. Calculate the greatest common divisor of c and t.
4
Suppose 60*t 